e factors of n(x)?
2, 3
Suppose k = 3*m + 27, 3*k - 8 = -m - 27. Let c(b) = 15*b - 134. Let v be c(10). Let t = v + m. What are the prime factors of t?
2, 3
Let h = -30 - -36. List the prime factors of 12/(-8)*(-928)/h.
2, 29
Let o(n) = n**2 - 36*n + 208. What are the prime factors of o(47)?
5, 29
Suppose -t + 10 = -3*j, -3*j + 8 = -7*j. Suppose 4*y + n = 25, 3*y + 6*n - t*n - 25 = 0. Suppose y*p - 80 - 60 = 0. What are the prime factors of p?
2, 7
What are the prime factors of 508 - (6 - (11 + -5))?
2, 127
Let w(u) = 16*u - 4. Let m be w(-19). Let o be m/(-7) + (-2 - 2). Let i = o + -28. List the prime factors of i.
2, 3
Suppose 0 = -9*m + 5018 + 3361. List the prime factors of m.
7, 19
Suppose -14*d - 3690 = -h - 13*d, -2*d + 14730 = 4*h. What are the prime factors of h?
5, 11, 67
Let q be (-8)/6*(-351)/(-18). Let z = q - -74. List the prime factors of z.
2, 3
Suppose -2 = y - 5. Let m(n) = 2 + 2*n + 2*n + n. List the prime factors of m(y).
17
What are the prime factors of 207/4 - (-8 - (-155)/20)?
2, 13
Let s = -106 - -165. Let n be (-2)/5 - (-192)/5. Let d = s - n. What are the prime factors of d?
3, 7
Let i(f) = 2*f + 1. Let r(l) = l**3 + 2*l**2 - 3*l - 1. Let d be r(-3). Let w be 5 - d - (-6)/(-2). What are the prime factors of i(w)?
7
List the prime factors of (-1)/2*118*(-9 + 2).
7, 59
Let k = -10 + 15. Suppose 3*j + k = -3*m + 35, 5*j + 6 = 2*m. What are the prime factors of m?
2
Suppose -401 = -3*q - 4*w, -w = 3*q - 0 - 404. What are the prime factors of q?
3, 5
Let q be 5 + -1 + 1 + 330. Let o = q + -183. What are the prime factors of o?
2, 19
Let u = 9 - 10. Let k = -14 - u. Let s = -5 - k. List the prime factors of s.
2
Suppose 5*v - 4*r - 30 = 81, 2*v + 5*r - 51 = 0. Suppose -3*s + 2*s + v = -4*t, 2*s - 3*t - 61 = 0. What are the prime factors of s?
5, 7
Let r(d) = -d**3 + 7*d**2 + d - 5. Let y be r(7). Let l be (y/(-4))/(13/(-208)). Let t = l + 2. What are the prime factors of t?
2, 5
Let o(v) = 2*v**3 - 12*v**2 + 6*v + 1. Let n(l) = l**2 + l + 1. Let u be n(2). What are the prime factors of o(u)?
3, 47
Let m(g) = -2*g**2 - 5*g - 8. Let u be m(-6). Let h = u + 56. What are the prime factors of h?
2, 3
Let o(h) be the third derivative of -h**4/24 + 13*h**3/6 - h**2. Let q be o(9). Suppose -90 = -3*i - 2*z, -q*i - z + 37 = -83. What are the prime factors of i?
2, 3, 5
Suppose -3*c + 4*j + 218 = 0, -4*c = -5*c - 4*j + 94. List the prime factors of c.
2, 3, 13
Suppose -2*h + 92 + 4 = -w, 0 = 5*h - 2*w - 238. What are the prime factors of h?
2, 23
Let k(j) = -6*j - 15. Let q = -67 + 56. What are the prime factors of k(q)?
3, 17
Suppose -3*b + 2 = -22. Let v = 12 - b. Suppose -r - 51 = -v*r. What are the prime factors of r?
17
Let n(t) = -2 + t + 0*t + 1 - 4. Let d be n(5). Suppose -3*i + 29 + 31 = d. List the prime factors of i.
2, 5
Suppose -6*s = -2711 - 19. List the prime factors of s.
5, 7, 13
Suppose p + 0*p - 58 = 0. Suppose -k = -3*k + p. Suppose -k = 5*f - 74. What are the prime factors of f?
3
Let f be (-42)/(-24) + 1/4. Let j = f - 0. Suppose 5*u = a - 6, -j*u - 12 = -a + 6. What are the prime factors of a?
2, 13
Suppose -7*r = -r - 504. Suppose 4*y - r = 2*y. List the prime factors of y.
2, 3, 7
Let q(w) = 2*w - 6 - 3 - 4. Let s be q(-16). List the prime factors of ((-300)/s)/(2/15).
2, 5
Suppose -47*a = -25*a - 35310. List the prime factors of a.
3, 5, 107
Let t(o) = -o**3 - 11*o**2 - 9*o + 6. Let l be t(-10). List the prime factors of 2 + (-3 - l) - -2.
5
Suppose -19*c + 1829 = -23555. List the prime factors of c.
2, 167
Let t = -65 - -109. Suppose 5*l - 380 = -5*s, 0 = -3*l - 0*l - s + 218. Let b = l - t. What are the prime factors of b?
3
Suppose -12 = -4*w - 0*w. Let c = 36 + w. What are the prime factors of c?
3, 13
Suppose 4*h = -3*u - 931, -u - 167 + 1345 = -5*h. Let i = h + 426. What are the prime factors of i?
191
Let z(s) = 2*s**2 - s - 5. Let h be z(-2). Let j(v) = -106*v**3 - 1. Let g be j(-1). Suppose -a + 13 = -c - 12, -h*a + c = -g. List the prime factors of a.
2, 5
Suppose -r + 52 = -17. Let u = r + -41. Suppose 0*g = 3*z + g - 52, -2*z + u = 2*g. What are the prime factors of z?
19
Suppose 0 = -2*n - 0*n + 4, -12676 = -5*t - 3*n. List the prime factors of 2/(-8) - t/(-56).
3, 5
Suppose -5*b = -4*s - 738, 0 = -5*b - 2*s + 4*s + 744. Suppose 0*m + b = 5*m - w, -m + 3*w + 44 = 0. Suppose -8 = k - m. What are the prime factors of k?
3, 7
Suppose 0 = b - 2*p - 20, -56 = -0*b - 3*b + 2*p. Suppose b*h - 17*h - 464 = 0. Suppose 0 = a + 7*a - h. List the prime factors of a.
2, 29
Let t = 2576 - 1756. What are the prime factors of t?
2, 5, 41
Suppose -r - w = -80 - 1, -186 = -2*r + 4*w. Suppose 255 = 10*l - r. List the prime factors of l.
2, 17
Let s be 3 - (-3)/((-12)/(-280)). Let x be 96/56 - (-4)/14. Suppose -7*b - x*a + s = -2*b, b = a + 9. What are the prime factors of b?
13
Let b be (4/6)/((-20)/(-30)). Suppose -h + 3 = -3*p, 4 - b = h - 2*p. What are the prime factors of h?
3
Suppose -2*i = -5*i + 126. Let l be 18/i + (-92)/(-14). Suppose w - 14 + l = 0. What are the prime factors of w?
7
List the prime factors of (-1 + (4 - 37))/((-4)/28).
2, 7, 17
Let o be -6*(-36)/15 + (-2)/5. Suppose o*a - 180 = 12*a. List the prime factors of a.
2, 3, 5
Suppose 7*h - 4*h = 1884. Suppose 2*y - 3*r = 330, 0 = -0*y + 4*y + 2*r - h. What are the prime factors of y?
3, 53
Let u = 4 + -13. Let g = u - -16. Suppose 4*f - g*f + 153 = 0. List the prime factors of f.
3, 17
What are the prime factors of (-29)/406 - 16466/(-28)?
2, 3, 7
Suppose 0 = l - 3*i - 1458, 1446 = l - 2*i + 3*i. Suppose 4*b = 13*b - l. What are the prime factors of b?
7, 23
What are the prime factors of 1728 + (-11)/9 + (-2)/(-9)?
11, 157
Let r be (30/(-18))/((-1)/(-21)). Let n be ((-4)/(-5))/((-1)/r). Suppose -u + 2*u - 5*z + 17 = 0, -4*u = 4*z - n. List the prime factors of u.
3
Let r(i) = -i**3 + 8*i**2 - i + 6. Let j be r(6). Let h = 24 + j. Suppose 0*q - 3*q - 4*p = -h, 15 = -5*p. List the prime factors of q.
2, 3
Let p(j) = j**2 + 12*j + 7. Let c be p(-11). What are the prime factors of (c/2)/(4/(-74))?
37
Suppose -7*g = g - 2384. List the prime factors of g.
2, 149
Let n = 21 + -14. Let f(b) = b**3 + 25*b**2 + 46*b + 14. Let s be f(-23). Let g = n + s. What are the prime factors of g?
3, 7
Suppose -i = -2*j - 4, -2*i = -0*i - 4. Let s(k) = -18*k - 1. Let v be s(j). Suppose -5*z + v = 3*n - 42, -n = -4*z + 54. What are the prime factors of z?
13
Let u(b) = -80*b**3 - 2*b**2 - 6*b. List the prime factors of u(-2).
2, 7, 23
Let h(p) = p**3 - 4*p**2 - 6*p + 8. Let a be h(8). Suppose 2*l - 3*l + 36 = -5*y, -a = -4*l + 2*y. What are the prime factors of l?
2, 7
Suppose -2*s - 7019 = -5*k, 16*k + 4*s - 2822 = 14*k. List the prime factors of k.
5, 281
Let g(a) = -a**2 + 11*a + 29. Let v be g(13). Suppose v*r = -2*r + 100. What are the prime factors of r?
2, 5
What are the prime factors of 78/15 - 5 - (-18764)/5?
3, 139
Let z be 1/(-2 + 196/100). Let a = z + 11. List the prime factors of ((-8)/(-6))/(a/(-63)).
2, 3
Suppose 0 = 5*n - 5*x, 5*n + 0*n + 2*x = -21. Let v(t) = -33*t - 8. What are the prime factors of v(n)?
7, 13
Let s = 1250 + 723. List the prime factors of s.
1973
Suppose 0 = -5*m + 103 + 7. Suppose 14 + m = -3*n - 3*r, -8 = 4*r. Let y = 17 - n. List the prime factors of y.
3
Let h(p) = -1711*p**3. Let l be h(-1). Suppose 8*v - l = -343. What are the prime factors of v?
3, 19
List the prime factors of (10824/10)/((-250)/(-625)).
2, 3, 11, 41
Suppose 566 = m - 553. What are the prime factors of m?
3, 373
Suppose -3 + 0 = -3*l. Let i be l/(-2) + (-83)/(-2). Suppose j = -t + 11, 0*t + 4*t = -5*j + i. List the prime factors of t.
2, 7
Let m(y) = -y**3 + 6*y**2 + 6*y + 9. Let p be m(7). Suppose -3*h = p*k + 5 + 7, 15 = -h + 3*k. What are the prime factors of h/(-14) + 128/28?
5
Suppose 116*t = 120*t - 4. What are the prime factors of t/((45/(-860))/(-9))?
2, 43
Let i = 167 - 404. Let h = i + 95. List the prime factors of 6/(-9) - h/6.
23
Suppose -33 = -g - 3*g - 5*c, 0 = 2*g - 2*c + 6. Suppose g*d - 4*h + 3*h - 15 = 0, d + 4*h = -15. List the prime factors of d.
5
Let w = 50 - 48. List the prime factors of 3*w/9 - 372/(-9).
2, 3, 7
Let b = 2176 + -3570. Let o be 3/(-12) + b/(-8). Suppose -3*u + 4 = -3*d + 208, 3*u - o = -3*d. List the prime factors